{"id":6225,"date":"2020-07-16T17:43:49","date_gmt":"2020-07-16T15:43:49","guid":{"rendered":"https:\/\/trappenstore.be\/?post_type=product&#038;p=6225"},"modified":"2026-03-16T14:28:49","modified_gmt":"2026-03-16T13:28:49","slug":"dolle-alufix","status":"publish","type":"product","link":"https:\/\/trappenstore.be\/fr\/produit\/dolle-alufix\/","title":{"rendered":"Alufix Dolle"},"content":{"rendered":"<section class=\"description\">\n<p style=\"text-align: left;\"><span style=\"color: #993300;\"><strong>\u00c9CHELLE LOFT POUR ESPACES \u00c9TROITS<\/strong><\/span><\/p>\n<\/section>\n<section class=\"description\">\n<section class=\"description\">\n<p id=\"tw-target-text\" class=\"tw-data-text tw-text-large tw-ta\" dir=\"ltr\" data-placeholder=\"Vertaling\"><span class=\"Y2IQFc\" lang=\"nl\">\u00a0La surface de marche profonde des marches n&#039;est qu&#039;un d\u00e9tail qui distingue le DOLLE Alu-fix des autres escaliers. Le support est en contreplaqu\u00e9 et peut \u00eatre d\u00e9plac\u00e9 avec peu d&#039;effort. La section de l&#039;\u00e9chelle est en aluminium et offre une utilisation facile et un acc\u00e8s s\u00fbr au grenier. L&#039;espace requis est tr\u00e8s faible, ce qui permet de monter les escaliers dans le plus petit grenier. Avec une charge test\u00e9e allant jusqu&#039;\u00e0 100 kg, le mod\u00e8le peut \u00eatre tr\u00e8s adapt\u00e9 aux b\u00e2timents plus anciens avec un grenier non conventionnel. <\/span><\/p>\n<p class=\"tw-data-text tw-text-large tw-ta\" dir=\"ltr\" data-placeholder=\"Vertaling\"><span class=\"Y2IQFc\" lang=\"nl\">L&#039;ALU-FIX est livr\u00e9 avec 9, 10 ou 11 \u00e9tapes : <\/span><\/p>\n<p class=\"tw-data-text tw-text-large tw-ta\" dir=\"ltr\" data-placeholder=\"Vertaling\"><span class=\"Y2IQFc\" lang=\"nl\">9 marches pour une hauteur du sol au plafond entre : 219-246 cm <\/span><\/p>\n<p class=\"tw-data-text tw-text-large tw-ta\" dir=\"ltr\" data-placeholder=\"Vertaling\"><span class=\"Y2IQFc\" lang=\"nl\">10 marches pour une hauteur du sol au plafond entre : 246-273 cm <\/span><\/p>\n<p class=\"tw-data-text tw-text-large tw-ta\" dir=\"ltr\" data-placeholder=\"Vertaling\"><span class=\"Y2IQFc\" lang=\"nl\">11 marches pour une hauteur du sol au plafond entre : 273-300 cm<\/span><\/p>\n<\/section>\n<\/section>","protected":false},"excerpt":{"rendered":"<p>LOFT LADDER VOOR SMALLE RUIMTES \u00a0Het diepe opstapoppervlak van de treden is slechts \u00e9\u00e9n detail dat de DOLLE Alu-fix onderscheidt van andere trappen. De bevestiging is gemaakt van multiplex en kan met weinig moeite worden verplaatst. Het laddergedeelte is gemaakt van aluminium en biedt een eenvoudige bediening en veilige toegang tot de zolderruimte. De benodigde [&hellip;]<\/p>\n","protected":false},"featured_media":5584,"template":"","meta":{"_acf_changed":false},"product_brand":[],"product_cat":[1744,1745],"product_tag":[6486],"kleur":[],"productlijn":[],"kastbreedte":[6492],"kastlengte":[6494],"vl_pl_hoogte_a":[],"class_list":{"0":"post-6225","1":"product","2":"type-product","3":"status-publish","4":"has-post-thumbnail","6":"product_cat-hout-trappen","7":"product_cat-zoldertrappen","8":"product_tag-dolle","9":"pa_beschrijving-alufix-9-treden","10":"pa_beschrijving-alufix-10-treden","11":"pa_beschrijving-alufix-11-treden","12":"kastbreedte-50-cm","13":"kastlengte-60-cm","15":"first","16":"instock","17":"purchasable","18":"product-type-variable"},"acf":[],"_links":{"self":[{"href":"https:\/\/trappenstore.be\/fr\/wp-json\/wp\/v2\/product\/6225","targetHints":{"allow":["GET"]}}],"collection":[{"href":"https:\/\/trappenstore.be\/fr\/wp-json\/wp\/v2\/product"}],"about":[{"href":"https:\/\/trappenstore.be\/fr\/wp-json\/wp\/v2\/types\/product"}],"wp:featuredmedia":[{"embeddable":true,"href":"https:\/\/trappenstore.be\/fr\/wp-json\/wp\/v2\/media\/5584"}],"wp:attachment":[{"href":"https:\/\/trappenstore.be\/fr\/wp-json\/wp\/v2\/media?parent=6225"}],"wp:term":[{"taxonomy":"product_brand","embeddable":true,"href":"https:\/\/trappenstore.be\/fr\/wp-json\/wp\/v2\/product_brand?post=6225"},{"taxonomy":"product_cat","embeddable":true,"href":"https:\/\/trappenstore.be\/fr\/wp-json\/wp\/v2\/product_cat?post=6225"},{"taxonomy":"product_tag","embeddable":true,"href":"https:\/\/trappenstore.be\/fr\/wp-json\/wp\/v2\/product_tag?post=6225"},{"taxonomy":"kleur","embeddable":true,"href":"https:\/\/trappenstore.be\/fr\/wp-json\/wp\/v2\/kleur?post=6225"},{"taxonomy":"productlijn","embeddable":true,"href":"https:\/\/trappenstore.be\/fr\/wp-json\/wp\/v2\/productlijn?post=6225"},{"taxonomy":"kastbreedte","embeddable":true,"href":"https:\/\/trappenstore.be\/fr\/wp-json\/wp\/v2\/kastbreedte?post=6225"},{"taxonomy":"kastlengte","embeddable":true,"href":"https:\/\/trappenstore.be\/fr\/wp-json\/wp\/v2\/kastlengte?post=6225"},{"taxonomy":"vl_pl_hoogte_a","embeddable":true,"href":"https:\/\/trappenstore.be\/fr\/wp-json\/wp\/v2\/vl_pl_hoogte_a?post=6225"}],"curies":[{"name":"wp","href":"https:\/\/api.w.org\/{rel}","templated":true}]}}

<section class="description">
<p style="text-align: left;"><span style="color: #993300;"><strong>ÉCHELLE LOFT POUR ESPACES ÉTROITS</strong></span></p>
</section>
<section class="description">
<section class="description">
<p id="tw-target-text" class="tw-data-text tw-text-large tw-ta" dir="ltr" data-placeholder="Vertaling"><span class="Y2IQFc" lang="nl"> La surface de marche profonde des marches n&#039;est qu&#039;un détail qui distingue le DOLLE Alu-fix des autres escaliers. Le support est en contreplaqué et peut être déplacé avec peu d&#039;effort. La section de l&#039;échelle est en aluminium et offre une utilisation facile et un accès sûr au grenier. L&#039;espace requis est très faible, ce qui permet de monter les escaliers dans le plus petit grenier. Avec une charge testée allant jusqu&#039;à 100 kg, le modèle peut être très adapté aux bâtiments plus anciens avec un grenier non conventionnel. </span></p>
<p class="tw-data-text tw-text-large tw-ta" dir="ltr" data-placeholder="Vertaling"><span class="Y2IQFc" lang="nl">L&#039;ALU-FIX est livré avec 9, 10 ou 11 étapes : </span></p>
<p class="tw-data-text tw-text-large tw-ta" dir="ltr" data-placeholder="Vertaling"><span class="Y2IQFc" lang="nl">9 marches pour une hauteur du sol au plafond entre : 219-246 cm </span></p>
<p class="tw-data-text tw-text-large tw-ta" dir="ltr" data-placeholder="Vertaling"><span class="Y2IQFc" lang="nl">10 marches pour une hauteur du sol au plafond entre : 246-273 cm </span></p>
<p class="tw-data-text tw-text-large tw-ta" dir="ltr" data-placeholder="Vertaling"><span class="Y2IQFc" lang="nl">11 marches pour une hauteur du sol au plafond entre : 273-300 cm</span></p>
</section>
</section>

<p>LOFT LADDER VOOR SMALLE RUIMTES  Het diepe opstapoppervlak van de treden is slechts één detail dat de DOLLE Alu-fix onderscheidt van andere trappen. De bevestiging is gemaakt van multiplex en kan met weinig moeite worden verplaatst. Het laddergedeelte is gemaakt van aluminium en biedt een eenvoudige bediening en veilige toegang tot de zolderruimte. De benodigde [&hellip;]</p>
